s divided by 7290.
5327
Calculate the remainder when 363045 is divided by 2470.
2425
Calculate the remainder when 260407740 is divided by 1505247.
9
What is the remainder when 182196 is divided by 7260?
696
Calculate the remainder when 9954141 is divided by 22623.
21
What is the remainder when 5416886 is divided by 134?
70
Calculate the remainder when 747805 is divided by 178.
27
Calculate the remainder when 592651 is divided by 1054.
303
Calculate the remainder when 15650994 is divided by 5.
4
Calculate the remainder when 119816561 is divided by 447.
446
What is the remainder when 146756100 is divided by 373?
369
What is the remainder when 18618194 is divided by 18618179?
15
Calculate the remainder when 3448599 is divided by 554.
503
Calculate the remainder when 1754348 is divided by 524.
520
What is the remainder when 135513562 is divided by 685?
12
What is the remainder when 1606195 is divided by 801?
190
Calculate the remainder when 475890 is divided by 19020.
390
Calculate the remainder when 46292540 is divided by 65.
60
What is the remainder when 50218 is divided by 15225?
4543
What is the remainder when 25049 is divided by 6963?
4160
Calculate the remainder when 221145 is divided by 2308.
1885
Calculate the remainder when 2443951 is divided by 63.
55
Calculate the remainder when 5670742 is divided by 1092.
1078
Calculate the remainder when 374541 is divided by 505.
336
What is the remainder when 314567 is divided by 1258?
67
Calculate the remainder when 64854 is divided by 30779.
3296
What is the remainder when 54826056 is divided by 183?
171
Calculate the remainder when 164313202 is divided by 9682.
9662
What is the remainder when 5721310 is divided by 3161?
3061
What is the remainder when 41290813 is divided by 17?
6
Calculate the remainder when 629631 is divided by 31480.
31
What is the remainder when 19966486 is divided by 24?
22
Calculate the remainder when 31514862 is divided by 19.
18
Calculate the remainder when 98352 is divided by 289.
92
Calculate the remainder when 14974003 is divided by 2499.
2494
Calculate the remainder when 47108836 is divided by 49.
40
Calculate the remainder when 127037 is divided by 6847.
3791
What is the remainder when 1267584 is divided by 1563?
1554
What is the remainder when 24424510 is divided by 842223?
43
What is the remainder when 177487 is divided by 3411?
115
Calculate the remainder when 16044 is divided by 223.
211
What is the remainder when 22440 is divided by 5416?
776
What is the remainder when 2534088 is divided by 424?
264
What is the remainder when 22276336 is divided by 87?
73
What is the remainder when 157998912 is divided by 14363537?
5
Calculate the remainder when 860166 is divided by 3525.
66
What is the remainder when 28506 is divided by 6904?
890
Calculate the remainder when 852872 is divided by 284187.
311
What is the remainder when 12854 is divided by 3851?
1301
Calculate the remainder when 11062491 is divided by 737499.
6
Calculate the remainder when 13702 is divided by 2283.
4
Calculate the remainder when 84307751 is divided by 885.
881
What is the remainder when 3048021 is divided by 41?
40
Calculate the remainder when 17153104 is divided by 8576550.
4
What is the remainder when 574922 is divided by 574909?
13
What is the remainder when 4739659 is divided by 30?
19
Calculate the remainder when 12564724 is divided by 6282332.
60
What is the remainder when 437661 is divided by 3583?
535
What is the remainder when 1208573 is divided by 8057?
23
Calculate the remainder when 231358 is divided by 2571.
2539
What is the remainder when 8155467 is divided by 26?
21
What is the remainder when 2202361 is divided by 732663?
4372
What is the remainder when 613489 is divided by 87407?
1640
Calculate the remainder when 160169 is divided by 14537.
262
Calculate the remainder when 868558 is divided by 814.
20
What is the remainder when 13665369 is divided by 12?
9
What is the remainder when 1288397 is divided by 10832?
10221
What is the remainder when 3746567 is divided by 288196?
19
What is the remainder when 304476 is divided by 3408?
1164
Calculate the remainder when 1743093 is divided by 834.
33
What is the remainder when 1824866 is divided by 61?
51
Calculate the remainder when 144294 is divided by 9015.
54
Calculate the remainder when 2353411 is divided by 619.
592
Calculate the remainder when 5138348 is divided by 277.
275
Calculate the remainder when 300787 is divided by 3746.
1107
What is the remainder when 1861031 is divided by 3757?
1316
What is the remainder when 24199039 is divided by 4839800?
39
What is the remainder when 5678161 is divided by 112?
97
What is the remainder when 172919404 is divided by 86459696?
12
What is the remainder when 246256 is divided by 5017?
423
What is the remainder when 68646 is divided by 975?
396
Calculate the remainder when 18833 is divided by 1043.
59
What is the remainder when 331524 is divided by 10038?
270
Calculate the remainder when 286575 is divided by 7.
2
What is the remainder when 1305718 is divided by 938?
22
What is the remainder when 161894 is divided by 51433?
7595
Calculate the remainder when 75853 is divided by 466.
361
What is the remainder when 21248847 is divided by 5611?
5601
Calculate the remainder when 7885993 is divided by 7.
3
What is the remainder when 3008 is divided by 2928?
80
What is the remainder when 2640333 is divided by 20?
13
What is the remainder when 7145544 is divided by 1786383?
12
What is the remainder when 2480460 is divided by 88587?
24
Calculate the remainder when 2247362 is divided by 251.
159
What is the remainder when 2286802 is divided by 656?
642
What is the remainder when 284975 is divided by 749?
355
Calculate the remainder when 197477 is divided by 24677.
61
Calculate the remainder when 765193 is divided by 21.
16
What is the remainder when 514599 is divided by 9023?
288
What is the remainder when 76287455 is divided by 58?
55
Calculate the remainder when 766323 is divided by 34.
31
What is the remainder when 3184195 is divided by 796036?
51
Calculate the remainder when 491648 is divided by 10.
8
Calculate the remainder when 681382 is divided by 5323.
38
Calculate the remainder when 10290680 is divided by 127.
124
What is the remainder when 664319 is divided by 132860?
19
Calculate the remainder when 329625201 is divided by 164812596.
9
What is the remainder when 3562925 is divided by 1781446?
33
Calculate the remainder when 1036765 is divided by 222.
25
Calculate the remainder when 284139 is divided by 141981.
177
Calculate the remainder when 579682 is divided by 72363.
778
Calculate the remainder when 282031 is divided by 2472.
223
Calculate the remainder when 116693967 is divided by 1086.
9
Calculate the remainder when 1165379 is divided by 170.
29
Calculate the remainder when 2325436 is divided by 861.
736
Calculate the remainder when 66424 is divided by 22138.
10
Calculate the remainder when 153161943 is divided by 62.
57
Calculate the remainder when 4538228 is divided by 10.
8
Calculate the remainder when 1392990 is divided by 14663.
5
Calculate the remainder when 1034 is divided by 259.
257
What is the remainder when 1578540 is divided by 2436?
12
What is the remainder when 243799 is divided by 1874?
179
Calculate the remainder when 53069284 is divided by 144210.
4
Calculate the remainder when 3133528 is divided by 1044504.
16
Calculate the remainder when 333429 is divided by 107463.
11040
Calculate the remainder when 8418707 is divided by 48.
35
Calculate the remainder when 642749 is divided by 1162.
163
What is the remainder when 2481833 is divided by 85580?
13
Calculate the remainder when 15110992 is divided by 835.
832
Calculate the remainder when 32253802 is divided by 2900.
2
What is the remainder when 11855 is divided by 11250?
605
What is the remainder when 6734738 is divided by 59599?
51
What is the remainder when 45248714 is divided by 15?
14
Calculate the remainder when 359317382 is divided by 179658684.
14
What is the remainder when 14098015 is divided by 162046?
13
What is the remainder when 2814946 is divided by 469156?
10
Calculate the remainder when 2812682 is divided by 34301.
0
Calculate the remainder when 7800 is divided by 702.
78
Calculate the remainder when 2497060